{"id":44,"date":"2024-03-17T13:15:24","date_gmt":"2024-03-17T12:15:24","guid":{"rendered":"http:\/\/annim.local\/lille\/?page_id=44"},"modified":"2024-07-10T17:59:53","modified_gmt":"2024-07-10T15:59:53","slug":"annim","status":"publish","type":"page","link":"https:\/\/annim.fr\/lille\/","title":{"rendered":"annim"},"content":{"rendered":"","protected":false},"excerpt":{"rendered":"","protected":false},"author":1,"featured_media":89,"parent":0,"menu_order":0,"comment_status":"closed","ping_status":"closed","template":"front-page.php","meta":{"footnotes":""},"yoast_head":"<!-- This site is optimized with the Yoast SEO plugin v22.9 - https:\/\/yoast.com\/wordpress\/plugins\/seo\/ -->\n<title>Annim | Pet sitter et Garde d&#039;animaux Lille<\/title>\n<meta name=\"description\" content=\"Pet sitter \u00e0 Lille : Annim prend soin de vos chiens et chats avec nos pet sitters dipl\u00f4m\u00e9s. Avec nous, vos animaux sont en s\u00e9curit\u00e9 pendant votre absence.\" \/>\n<meta name=\"robots\" content=\"index, follow, max-snippet:-1, max-image-preview:large, max-video-preview:-1\" \/>\n<link rel=\"canonical\" href=\"https:\/\/annim.fr\/lille\/\" \/>\n<meta property=\"og:locale\" content=\"fr_FR\" \/>\n<meta property=\"og:type\" content=\"article\" \/>\n<meta property=\"og:title\" content=\"Annim | Pet sitter et Garde d&#039;animaux Lille\" \/>\n<meta property=\"og:description\" content=\"Pet sitter \u00e0 Lille : Annim prend soin de vos chiens et chats avec nos pet sitters dipl\u00f4m\u00e9s. Avec nous, vos animaux sont en s\u00e9curit\u00e9 pendant votre absence.\" \/>\n<meta property=\"og:url\" content=\"https:\/\/annim.fr\/lille\/\" \/>\n<meta property=\"og:site_name\" content=\"Lille\" \/>\n<meta property=\"article:modified_time\" content=\"2024-07-10T15:59:53+00:00\" \/>\n<meta property=\"og:image\" content=\"https:\/\/annim.fr\/lille\/wp-content\/uploads\/sites\/2\/2024\/07\/gmb-2.jpg\" \/>\n\t<meta property=\"og:image:width\" content=\"1024\" \/>\n\t<meta property=\"og:image:height\" content=\"1024\" \/>\n\t<meta property=\"og:image:type\" content=\"image\/jpeg\" \/>\n<meta name=\"twitter:card\" content=\"summary_large_image\" \/>\n<meta name=\"twitter:label1\" content=\"Dur\u00e9e de lecture estim\u00e9e\" \/>\n\t<meta name=\"twitter:data1\" content=\"1 minute\" \/>\n<script type=\"application\/ld+json\" class=\"yoast-schema-graph\">{\"@context\":\"https:\/\/schema.org\",\"@graph\":[{\"@type\":\"WebPage\",\"@id\":\"https:\/\/annim.fr\/lille\/\",\"url\":\"https:\/\/annim.fr\/lille\/\",\"name\":\"Annim | Pet sitter et Garde d'animaux Lille\",\"isPartOf\":{\"@id\":\"https:\/\/annim.fr\/lille\/#website\"},\"primaryImageOfPage\":{\"@id\":\"https:\/\/annim.fr\/lille\/#primaryimage\"},\"image\":{\"@id\":\"https:\/\/annim.fr\/lille\/#primaryimage\"},\"thumbnailUrl\":\"https:\/\/annim.fr\/lille\/wp-content\/uploads\/sites\/2\/2024\/07\/gmb-2.jpg\",\"datePublished\":\"2024-03-17T12:15:24+00:00\",\"dateModified\":\"2024-07-10T15:59:53+00:00\",\"description\":\"Pet sitter \u00e0 Lille : Annim prend soin de vos chiens et chats avec nos pet sitters dipl\u00f4m\u00e9s. Avec nous, vos animaux sont en s\u00e9curit\u00e9 pendant votre absence.\",\"breadcrumb\":{\"@id\":\"https:\/\/annim.fr\/lille\/#breadcrumb\"},\"inLanguage\":\"fr-FR\",\"potentialAction\":[{\"@type\":\"ReadAction\",\"target\":[\"https:\/\/annim.fr\/lille\/\"]}]},{\"@type\":\"ImageObject\",\"inLanguage\":\"fr-FR\",\"@id\":\"https:\/\/annim.fr\/lille\/#primaryimage\",\"url\":\"https:\/\/annim.fr\/lille\/wp-content\/uploads\/sites\/2\/2024\/07\/gmb-2.jpg\",\"contentUrl\":\"https:\/\/annim.fr\/lille\/wp-content\/uploads\/sites\/2\/2024\/07\/gmb-2.jpg\",\"width\":1024,\"height\":1024},{\"@type\":\"BreadcrumbList\",\"@id\":\"https:\/\/annim.fr\/lille\/#breadcrumb\",\"itemListElement\":[{\"@type\":\"ListItem\",\"position\":1,\"name\":\"Accueil\",\"item\":\"https:\/\/annim.fr\/lille\/\"},{\"@type\":\"ListItem\",\"position\":2,\"name\":\"annim\"}]},{\"@type\":\"WebSite\",\"@id\":\"https:\/\/annim.fr\/lille\/#website\",\"url\":\"https:\/\/annim.fr\/lille\/\",\"name\":\"Lille\",\"description\":\"\",\"potentialAction\":[{\"@type\":\"SearchAction\",\"target\":{\"@type\":\"EntryPoint\",\"urlTemplate\":\"https:\/\/annim.fr\/lille\/?s={search_term_string}\"},\"query-input\":\"required name=search_term_string\"}],\"inLanguage\":\"fr-FR\"}]}<\/script>\n<!-- \/ Yoast SEO plugin. -->","yoast_head_json":{"title":"Annim | Pet sitter et Garde d'animaux Lille","description":"Pet sitter \u00e0 Lille : Annim prend soin de vos chiens et chats avec nos pet sitters dipl\u00f4m\u00e9s. Avec nous, vos animaux sont en s\u00e9curit\u00e9 pendant votre absence.","robots":{"index":"index","follow":"follow","max-snippet":"max-snippet:-1","max-image-preview":"max-image-preview:large","max-video-preview":"max-video-preview:-1"},"canonical":"https:\/\/annim.fr\/lille\/","og_locale":"fr_FR","og_type":"article","og_title":"Annim | Pet sitter et Garde d'animaux Lille","og_description":"Pet sitter \u00e0 Lille : Annim prend soin de vos chiens et chats avec nos pet sitters dipl\u00f4m\u00e9s. Avec nous, vos animaux sont en s\u00e9curit\u00e9 pendant votre absence.","og_url":"https:\/\/annim.fr\/lille\/","og_site_name":"Lille","article_modified_time":"2024-07-10T15:59:53+00:00","og_image":[{"width":1024,"height":1024,"url":"https:\/\/annim.fr\/lille\/wp-content\/uploads\/sites\/2\/2024\/07\/gmb-2.jpg","type":"image\/jpeg"}],"twitter_card":"summary_large_image","twitter_misc":{"Dur\u00e9e de lecture estim\u00e9e":"1 minute"},"schema":{"@context":"https:\/\/schema.org","@graph":[{"@type":"WebPage","@id":"https:\/\/annim.fr\/lille\/","url":"https:\/\/annim.fr\/lille\/","name":"Annim | Pet sitter et Garde d'animaux Lille","isPartOf":{"@id":"https:\/\/annim.fr\/lille\/#website"},"primaryImageOfPage":{"@id":"https:\/\/annim.fr\/lille\/#primaryimage"},"image":{"@id":"https:\/\/annim.fr\/lille\/#primaryimage"},"thumbnailUrl":"https:\/\/annim.fr\/lille\/wp-content\/uploads\/sites\/2\/2024\/07\/gmb-2.jpg","datePublished":"2024-03-17T12:15:24+00:00","dateModified":"2024-07-10T15:59:53+00:00","description":"Pet sitter \u00e0 Lille : Annim prend soin de vos chiens et chats avec nos pet sitters dipl\u00f4m\u00e9s. Avec nous, vos animaux sont en s\u00e9curit\u00e9 pendant votre absence.","breadcrumb":{"@id":"https:\/\/annim.fr\/lille\/#breadcrumb"},"inLanguage":"fr-FR","potentialAction":[{"@type":"ReadAction","target":["https:\/\/annim.fr\/lille\/"]}]},{"@type":"ImageObject","inLanguage":"fr-FR","@id":"https:\/\/annim.fr\/lille\/#primaryimage","url":"https:\/\/annim.fr\/lille\/wp-content\/uploads\/sites\/2\/2024\/07\/gmb-2.jpg","contentUrl":"https:\/\/annim.fr\/lille\/wp-content\/uploads\/sites\/2\/2024\/07\/gmb-2.jpg","width":1024,"height":1024},{"@type":"BreadcrumbList","@id":"https:\/\/annim.fr\/lille\/#breadcrumb","itemListElement":[{"@type":"ListItem","position":1,"name":"Accueil","item":"https:\/\/annim.fr\/lille\/"},{"@type":"ListItem","position":2,"name":"annim"}]},{"@type":"WebSite","@id":"https:\/\/annim.fr\/lille\/#website","url":"https:\/\/annim.fr\/lille\/","name":"Lille","description":"","potentialAction":[{"@type":"SearchAction","target":{"@type":"EntryPoint","urlTemplate":"https:\/\/annim.fr\/lille\/?s={search_term_string}"},"query-input":"required name=search_term_string"}],"inLanguage":"fr-FR"}]}},"_links":{"self":[{"href":"https:\/\/annim.fr\/lille\/wp-json\/wp\/v2\/pages\/44"}],"collection":[{"href":"https:\/\/annim.fr\/lille\/wp-json\/wp\/v2\/pages"}],"about":[{"href":"https:\/\/annim.fr\/lille\/wp-json\/wp\/v2\/types\/page"}],"author":[{"embeddable":true,"href":"https:\/\/annim.fr\/lille\/wp-json\/wp\/v2\/users\/1"}],"replies":[{"embeddable":true,"href":"https:\/\/annim.fr\/lille\/wp-json\/wp\/v2\/comments?post=44"}],"version-history":[{"count":2,"href":"https:\/\/annim.fr\/lille\/wp-json\/wp\/v2\/pages\/44\/revisions"}],"predecessor-version":[{"id":80,"href":"https:\/\/annim.fr\/lille\/wp-json\/wp\/v2\/pages\/44\/revisions\/80"}],"wp:featuredmedia":[{"embeddable":true,"href":"https:\/\/annim.fr\/lille\/wp-json\/wp\/v2\/media\/89"}],"wp:attachment":[{"href":"https:\/\/annim.fr\/lille\/wp-json\/wp\/v2\/media?parent=44"}],"curies":[{"name":"wp","href":"https:\/\/api.w.org\/{rel}","templated":true}]}}